{"id":550,"date":"2025-08-27T04:44:29","date_gmt":"2025-08-27T04:44:29","guid":{"rendered":"https:\/\/gelice.ch\/?page_id=550"},"modified":"2026-01-26T19:32:16","modified_gmt":"2026-01-26T19:32:16","slug":"startseite","status":"publish","type":"page","link":"https:\/\/chor50basel.ch\/","title":{"rendered":"Unser Chor"},"content":{"rendered":"\n<figure class=\"wp-block-image size-full is-resized\"><a href=\"https:\/\/chor50basel.ch\/wp-content\/uploads\/2025\/12\/2025-Gruppenfoto-Chor-50-1.jpg\"><img loading=\"lazy\" decoding=\"async\" width=\"2475\" height=\"1650\" src=\"https:\/\/chor50basel.ch\/wp-content\/uploads\/2025\/12\/2025-Gruppenfoto-Chor-50-1.jpg\" alt=\"\" class=\"wp-image-1457\" style=\"width:671px;height:auto\" srcset=\"https:\/\/chor50basel.ch\/wp-content\/uploads\/2025\/12\/2025-Gruppenfoto-Chor-50-1.jpg 2475w, https:\/\/chor50basel.ch\/wp-content\/uploads\/2025\/12\/2025-Gruppenfoto-Chor-50-1-300x200.jpg 300w, https:\/\/chor50basel.ch\/wp-content\/uploads\/2025\/12\/2025-Gruppenfoto-Chor-50-1-768x512.jpg 768w, https:\/\/chor50basel.ch\/wp-content\/uploads\/2025\/12\/2025-Gruppenfoto-Chor-50-1-1536x1024.jpg 1536w, https:\/\/chor50basel.ch\/wp-content\/uploads\/2025\/12\/2025-Gruppenfoto-Chor-50-1-2048x1365.jpg 2048w\" sizes=\"auto, (max-width: 2475px) 100vw, 2475px\" \/><\/a><\/figure>\n\n\n\n<p class=\"wp-block-paragraph\"><em>Fr\u00f6hlich und aufgestellt, mit Freude am lustvollen Singen, das ist der Chor 50 Basel<\/em><\/p>\n\n\n\n<p class=\"wp-block-paragraph\">Wir sind rund 30 S\u00e4ngerinnen. Die Freude am Singen auf anspruchsvollem Niveau hat uns zusammengef\u00fchrt.<br><br>Unter der engagierten, inspirierenden Leitung von Luca Fiorini haben wir unser breit gef\u00e4chertes Repertoire stetig erweitert. Es umfasst klassische Musik verschiedenster Komponist:innen und verschiedener Sprachen vom 16. bis 20. Jahrhundert sowie Volkslieder.<br><br>Zu den Chorproben geh\u00f6rt auch eine sorgf\u00e4ltige Stimmbildung. Unsere Stimmbildnerin ist Stefanie Knorr.<br><br>J\u00e4hrlich treten wir 1\u20132 mal \u00f6ffentlich auf.<\/p>\n\n\n\n<hr class=\"wp-block-separator has-alpha-channel-opacity\"\/>\n\n\n\n<h2 class=\"wp-block-heading\">Geschichte<\/h2>\n\n\n\n<p class=\"wp-block-paragraph\">Der Chor 50 wurde 1994 von Verena Scheidegger, Chorleiterin und Musikp\u00e4dagogin, in Zusammenarbeit mit der Senioren-Universit\u00e4t und der GGG Basel gegr\u00fcndet. Verena Scheidegger er\u00f6ffnete damit Senior:innen, die aus Altersgr\u00fcnden ihren Stammchor verlassen mussten, eine neue Perspektive. Sie leitete den Chor bis 2007. Heute ist der Chor 50 ein Frauenchor.<br><br>Von 2007 bis 2011 leitete Paolo Vignoli den Chor.<br><br>Seit 2012 ist<a href=\"https:\/\/chor50basel.ch\/?page_id=15\"> Luca Fiorini<\/a> unser Dirigent.<\/p>\n","protected":false},"excerpt":{"rendered":"<p>Fr\u00f6hlich und aufgestellt, mit Freude am lustvollen Singen, das ist der Chor 50 Basel Wir sind rund 30 S\u00e4ngerinnen. Die Freude am Singen auf anspruchsvollem Niveau hat uns zusammengef\u00fchrt. Unter der engagierten, inspirierenden Leitung von Luca Fiorini haben wir unser breit gef\u00e4chertes Repertoire stetig erweitert. Es umfasst klassische Musik verschiedenster Komponist:innen und verschiedener Sprachen vom &hellip; <a href=\"https:\/\/chor50basel.ch\/\" class=\"more-link\"><span class=\"screen-reader-text\">Unser Chor<\/span> weiterlesen<\/a><\/p>\n","protected":false},"author":1,"featured_media":0,"parent":0,"menu_order":0,"comment_status":"closed","ping_status":"closed","template":"","meta":{"footnotes":""},"class_list":["post-550","page","type-page","status-publish","hentry"],"_links":{"self":[{"href":"https:\/\/chor50basel.ch\/index.php?rest_route=\/wp\/v2\/pages\/550","targetHints":{"allow":["GET"]}}],"collection":[{"href":"https:\/\/chor50basel.ch\/index.php?rest_route=\/wp\/v2\/pages"}],"about":[{"href":"https:\/\/chor50basel.ch\/index.php?rest_route=\/wp\/v2\/types\/page"}],"author":[{"embeddable":true,"href":"https:\/\/chor50basel.ch\/index.php?rest_route=\/wp\/v2\/users\/1"}],"replies":[{"embeddable":true,"href":"https:\/\/chor50basel.ch\/index.php?rest_route=%2Fwp%2Fv2%2Fcomments&post=550"}],"version-history":[{"count":30,"href":"https:\/\/chor50basel.ch\/index.php?rest_route=\/wp\/v2\/pages\/550\/revisions"}],"predecessor-version":[{"id":1513,"href":"https:\/\/chor50basel.ch\/index.php?rest_route=\/wp\/v2\/pages\/550\/revisions\/1513"}],"wp:attachment":[{"href":"https:\/\/chor50basel.ch\/index.php?rest_route=%2Fwp%2Fv2%2Fmedia&parent=550"}],"curies":[{"name":"wp","href":"https:\/\/api.w.org\/{rel}","templated":true}]}}

<figure class="wp-block-image size-full is-resized"><a href="https://chor50basel.ch/wp-content/uploads/2025/12/2025-Gruppenfoto-Chor-50-1.jpg"><img loading="lazy" decoding="async" width="2475" height="1650" src="https://chor50basel.ch/wp-content/uploads/2025/12/2025-Gruppenfoto-Chor-50-1.jpg" alt="" class="wp-image-1457" style="width:671px;height:auto" srcset="https://chor50basel.ch/wp-content/uploads/2025/12/2025-Gruppenfoto-Chor-50-1.jpg 2475w, https://chor50basel.ch/wp-content/uploads/2025/12/2025-Gruppenfoto-Chor-50-1-300x200.jpg 300w, https://chor50basel.ch/wp-content/uploads/2025/12/2025-Gruppenfoto-Chor-50-1-768x512.jpg 768w, https://chor50basel.ch/wp-content/uploads/2025/12/2025-Gruppenfoto-Chor-50-1-1536x1024.jpg 1536w, https://chor50basel.ch/wp-content/uploads/2025/12/2025-Gruppenfoto-Chor-50-1-2048x1365.jpg 2048w" sizes="auto, (max-width: 2475px) 100vw, 2475px" /></a></figure>



<p class="wp-block-paragraph"><em>Fröhlich und aufgestellt, mit Freude am lustvollen Singen, das ist der Chor 50 Basel</em></p>



<p class="wp-block-paragraph">Wir sind rund 30 Sängerinnen. Die Freude am Singen auf anspruchsvollem Niveau hat uns zusammengeführt.<br><br>Unter der engagierten, inspirierenden Leitung von Luca Fiorini haben wir unser breit gefächertes Repertoire stetig erweitert. Es umfasst klassische Musik verschiedenster Komponist:innen und verschiedener Sprachen vom 16. bis 20. Jahrhundert sowie Volkslieder.<br><br>Zu den Chorproben gehört auch eine sorgfältige Stimmbildung. Unsere Stimmbildnerin ist Stefanie Knorr.<br><br>Jährlich treten wir 1–2 mal öffentlich auf.</p>



<hr class="wp-block-separator has-alpha-channel-opacity"/>



<h2 class="wp-block-heading">Geschichte</h2>



<p class="wp-block-paragraph">Der Chor 50 wurde 1994 von Verena Scheidegger, Chorleiterin und Musikpädagogin, in Zusammenarbeit mit der Senioren-Universität und der GGG Basel gegründet. Verena Scheidegger eröffnete damit Senior:innen, die aus Altersgründen ihren Stammchor verlassen mussten, eine neue Perspektive. Sie leitete den Chor bis 2007. Heute ist der Chor 50 ein Frauenchor.<br><br>Von 2007 bis 2011 leitete Paolo Vignoli den Chor.<br><br>Seit 2012 ist<a href="https://chor50basel.ch/?page_id=15"> Luca Fiorini</a> unser Dirigent.</p>

<p>Fröhlich und aufgestellt, mit Freude am lustvollen Singen, das ist der Chor 50 Basel Wir sind rund 30 Sängerinnen. Die Freude am Singen auf anspruchsvollem Niveau hat uns zusammengeführt. Unter der engagierten, inspirierenden Leitung von Luca Fiorini haben wir unser breit gefächertes Repertoire stetig erweitert. Es umfasst klassische Musik verschiedenster Komponist:innen und verschiedener Sprachen vom &hellip; <a href="https://chor50basel.ch/" class="more-link"><span class="screen-reader-text">Unser Chor</span> weiterlesen</a></p>
